{"id":8497,"date":"2026-01-04T00:59:26","date_gmt":"2026-01-03T21:59:26","guid":{"rendered":"https:\/\/www.iys2.ertugrulkiral.com.tr\/?page_id=8497"},"modified":"2026-01-04T01:08:19","modified_gmt":"2026-01-03T22:08:19","slug":"iletisim","status":"publish","type":"page","link":"https:\/\/www.iys2.ertugrulkiral.com.tr\/?page_id=8497","title":{"rendered":"\u0130leti\u015fim"},"content":{"rendered":"\t\t<div data-elementor-type=\"wp-page\" data-elementor-id=\"8497\" class=\"elementor elementor-8497\">\n\t\t\t\t<div class=\"elementor-element elementor-element-3d94264 e-flex e-con-boxed e-con e-parent\" data-id=\"3d94264\" data-element_type=\"container\">\n\t\t\t\t\t<div class=\"e-con-inner\">\n\t\t\t\t<div class=\"elementor-element elementor-element-462e90b elementor-widget elementor-widget-wd_author_area\" data-id=\"462e90b\" data-element_type=\"widget\" data-widget_type=\"wd_author_area.default\">\n\t\t\t\t<div class=\"elementor-widget-container\">\n\t\t\t\t\t\t\t<div class=\"author-area text-left color-scheme- set-mb-m reset-last-child\">\n\t\t\t\t\t\t\t<h3 class=\"author-title title\">\n\t\t\t\t\t\u0130leti\u015fim \u0130\u00e7in\t\t\t\t<\/h3>\n\t\t\t\n\t\t\t\t\t\t\t<div class=\"author-avatar\">\n\t\t\t\t\t<img decoding=\"async\" src=\"https:\/\/www.iys2.ertugrulkiral.com.tr\/wp-content\/uploads\/2026\/01\/Untitled_logo_1_free-file-1-150x150.jpg\" class=\"author-area-image\">\t\t\t\t<\/div>\n\t\t\t\n\n\n\t\t\t\t\t\t\t<h4 class=\"author-name title\">\n\t\t\t\t\tErtu\u011frul K\u0131ral\t\t\t\t<\/h4>\n\t\t\t\n\t\t\t\t\t\t\t<div class=\"author-area-info\">\n\t\t\t\t\tProgramlamac\u0131 +90 507 444 3732<br>\u0130nstagram\/ ccertugrul<br>Eposta\/ Kiralertugrul58@gmail.com\t\t\t\t<\/div>\n\t\t\t\n\t\t\t\t\t\t\t<a  href=\"#\" class=\"btn btn-style-link btn-color-default\">\n\t\t\t\t\t\t\t\t\t<\/a>\n\t\t\t\t\t<\/div>\n\t\t\t\t\t\t<\/div>\n\t\t\t\t<\/div>\n\t\t\t\t\t<\/div>\n\t\t\t\t<\/div>\n\t\t\t\t<\/div>\n\t\t","protected":false},"excerpt":{"rendered":"<p>\u0130leti\u015fim \u0130\u00e7in Ertu\u011frul K\u0131ral Programlamac\u0131 +90 507 444 3732\u0130nstagram\/ ccertugrulEposta\/ Kiralertugrul58@gmail.com<\/p>\n","protected":false},"author":1,"featured_media":0,"parent":0,"menu_order":0,"comment_status":"closed","ping_status":"closed","template":"","meta":{"footnotes":""},"class_list":["post-8497","page","type-page","status-publish","hentry"],"_links":{"self":[{"href":"https:\/\/www.iys2.ertugrulkiral.com.tr\/index.php?rest_route=\/wp\/v2\/pages\/8497","targetHints":{"allow":["GET"]}}],"collection":[{"href":"https:\/\/www.iys2.ertugrulkiral.com.tr\/index.php?rest_route=\/wp\/v2\/pages"}],"about":[{"href":"https:\/\/www.iys2.ertugrulkiral.com.tr\/index.php?rest_route=\/wp\/v2\/types\/page"}],"author":[{"embeddable":true,"href":"https:\/\/www.iys2.ertugrulkiral.com.tr\/index.php?rest_route=\/wp\/v2\/users\/1"}],"replies":[{"embeddable":true,"href":"https:\/\/www.iys2.ertugrulkiral.com.tr\/index.php?rest_route=%2Fwp%2Fv2%2Fcomments&post=8497"}],"version-history":[{"count":4,"href":"https:\/\/www.iys2.ertugrulkiral.com.tr\/index.php?rest_route=\/wp\/v2\/pages\/8497\/revisions"}],"predecessor-version":[{"id":8511,"href":"https:\/\/www.iys2.ertugrulkiral.com.tr\/index.php?rest_route=\/wp\/v2\/pages\/8497\/revisions\/8511"}],"wp:attachment":[{"href":"https:\/\/www.iys2.ertugrulkiral.com.tr\/index.php?rest_route=%2Fwp%2Fv2%2Fmedia&parent=8497"}],"curies":[{"name":"wp","href":"https:\/\/api.w.org\/{rel}","templated":true}]}}