{"id":8493,"date":"2026-01-04T00:58:31","date_gmt":"2026-01-03T21:58:31","guid":{"rendered":"https:\/\/www.iys2.ertugrulkiral.com.tr\/?page_id=8493"},"modified":"2026-01-04T01:05:45","modified_gmt":"2026-01-03T22:05:45","slug":"galeri","status":"publish","type":"page","link":"https:\/\/www.iys2.ertugrulkiral.com.tr\/?page_id=8493","title":{"rendered":"Galeri"},"content":{"rendered":"\t\t<div data-elementor-type=\"wp-page\" data-elementor-id=\"8493\" class=\"elementor elementor-8493\">\n\t\t\t\t<div class=\"elementor-element elementor-element-b297b8f e-flex e-con-boxed e-con e-parent\" data-id=\"b297b8f\" data-element_type=\"container\">\n\t\t\t\t\t<div class=\"e-con-inner\">\n\t\t\t\t<div class=\"elementor-element elementor-element-409f9a7 elementor-widget elementor-widget-wd_image_or_svg\" data-id=\"409f9a7\" data-element_type=\"widget\" data-widget_type=\"wd_image_or_svg.default\">\n\t\t\t\t<div class=\"elementor-widget-container\">\n\t\t\t\t\t\n\t\t<div class=\"wd-image text-left\">\n\t\t\t\t\t\t\t\t<img fetchpriority=\"high\" decoding=\"async\" width=\"225\" height=\"300\" src=\"https:\/\/www.iys2.ertugrulkiral.com.tr\/wp-content\/uploads\/2026\/01\/galeri2-225x300.jpg\" class=\"attachment-medium size-medium wp-image-8505\" alt=\"\" srcset=\"https:\/\/www.iys2.ertugrulkiral.com.tr\/wp-content\/uploads\/2026\/01\/galeri2-225x300.jpg 225w, https:\/\/www.iys2.ertugrulkiral.com.tr\/wp-content\/uploads\/2026\/01\/galeri2-600x800.jpg 600w, https:\/\/www.iys2.ertugrulkiral.com.tr\/wp-content\/uploads\/2026\/01\/galeri2-768x1024.jpg 768w, https:\/\/www.iys2.ertugrulkiral.com.tr\/wp-content\/uploads\/2026\/01\/galeri2-1152x1536.jpg 1152w, https:\/\/www.iys2.ertugrulkiral.com.tr\/wp-content\/uploads\/2026\/01\/galeri2.jpg 1200w\" sizes=\"(max-width: 225px) 100vw, 225px\" \/>\t\t\t\t\t<\/div>\n\n\t\t\t\t\t\t<\/div>\n\t\t\t\t<\/div>\n\t\t\t\t<div class=\"elementor-element elementor-element-43665c1 elementor-widget elementor-widget-wd_image_or_svg\" data-id=\"43665c1\" data-element_type=\"widget\" data-widget_type=\"wd_image_or_svg.default\">\n\t\t\t\t<div class=\"elementor-widget-container\">\n\t\t\t\t\t\n\t\t<div class=\"wd-image text-left\">\n\t\t\t\t\t\t\t\t<img decoding=\"async\" width=\"225\" height=\"300\" src=\"https:\/\/www.iys2.ertugrulkiral.com.tr\/wp-content\/uploads\/2026\/01\/galrei1-225x300.jpg\" class=\"attachment-medium size-medium wp-image-8503\" alt=\"\" srcset=\"https:\/\/www.iys2.ertugrulkiral.com.tr\/wp-content\/uploads\/2026\/01\/galrei1-225x300.jpg 225w, https:\/\/www.iys2.ertugrulkiral.com.tr\/wp-content\/uploads\/2026\/01\/galrei1-600x800.jpg 600w, https:\/\/www.iys2.ertugrulkiral.com.tr\/wp-content\/uploads\/2026\/01\/galrei1-768x1024.jpg 768w, https:\/\/www.iys2.ertugrulkiral.com.tr\/wp-content\/uploads\/2026\/01\/galrei1-1152x1536.jpg 1152w, https:\/\/www.iys2.ertugrulkiral.com.tr\/wp-content\/uploads\/2026\/01\/galrei1.jpg 1200w\" sizes=\"(max-width: 225px) 100vw, 225px\" \/>\t\t\t\t\t<\/div>\n\n\t\t\t\t\t\t<\/div>\n\t\t\t\t<\/div>\n\t\t\t\t\t<\/div>\n\t\t\t\t<\/div>\n\t\t<div class=\"elementor-element elementor-element-61389a6 e-flex e-con-boxed e-con e-parent\" data-id=\"61389a6\" data-element_type=\"container\">\n\t\t\t\t\t<div class=\"e-con-inner\">\n\t\t\t\t<div class=\"elementor-element elementor-element-b2cd060 elementor-widget elementor-widget-wd_text_block\" data-id=\"b2cd060\" data-element_type=\"widget\" data-widget_type=\"wd_text_block.default\">\n\t\t\t\t<div class=\"elementor-widget-container\">\n\t\t\t\t\t\t\t\t<link rel=\"stylesheet\" id=\"wd-text-block-css\" href=\"https:\/\/www.iys2.ertugrulkiral.com.tr\/wp-content\/themes\/woodmart\/css\/parts\/el-text-block.min.css?ver=6.3.2\" type=\"text\/css\" media=\"all\" \/> \t\t\t\t\t<div class=\"wd-text-block reset-last-child text-left\">\n\t\t\t\n\t\t\t<p>Gezmeyi seven e\u011flenceli ara\u015ft\u0131rmac\u0131 birisi<\/p>\n\t\t\t\t\t<\/div>\n\t\t\t\t\t\t<\/div>\n\t\t\t\t<\/div>\n\t\t\t\t\t<\/div>\n\t\t\t\t<\/div>\n\t\t\t\t<\/div>\n\t\t","protected":false},"excerpt":{"rendered":"<p>Gezmeyi seven e\u011flenceli ara\u015ft\u0131rmac\u0131 birisi<\/p>\n","protected":false},"author":1,"featured_media":0,"parent":0,"menu_order":0,"comment_status":"closed","ping_status":"closed","template":"","meta":{"footnotes":""},"class_list":["post-8493","page","type-page","status-publish","hentry"],"_links":{"self":[{"href":"https:\/\/www.iys2.ertugrulkiral.com.tr\/index.php?rest_route=\/wp\/v2\/pages\/8493","targetHints":{"allow":["GET"]}}],"collection":[{"href":"https:\/\/www.iys2.ertugrulkiral.com.tr\/index.php?rest_route=\/wp\/v2\/pages"}],"about":[{"href":"https:\/\/www.iys2.ertugrulkiral.com.tr\/index.php?rest_route=\/wp\/v2\/types\/page"}],"author":[{"embeddable":true,"href":"https:\/\/www.iys2.ertugrulkiral.com.tr\/index.php?rest_route=\/wp\/v2\/users\/1"}],"replies":[{"embeddable":true,"href":"https:\/\/www.iys2.ertugrulkiral.com.tr\/index.php?rest_route=%2Fwp%2Fv2%2Fcomments&post=8493"}],"version-history":[{"count":4,"href":"https:\/\/www.iys2.ertugrulkiral.com.tr\/index.php?rest_route=\/wp\/v2\/pages\/8493\/revisions"}],"predecessor-version":[{"id":8508,"href":"https:\/\/www.iys2.ertugrulkiral.com.tr\/index.php?rest_route=\/wp\/v2\/pages\/8493\/revisions\/8508"}],"wp:attachment":[{"href":"https:\/\/www.iys2.ertugrulkiral.com.tr\/index.php?rest_route=%2Fwp%2Fv2%2Fmedia&parent=8493"}],"curies":[{"name":"wp","href":"https:\/\/api.w.org\/{rel}","templated":true}]}}